{"id":4,"date":"2026-04-10T06:15:36","date_gmt":"2026-04-10T06:15:36","guid":{"rendered":"https:\/\/bchg12d7c.homes\/?page_id=4"},"modified":"2026-04-10T10:01:07","modified_gmt":"2026-04-10T10:01:07","slug":"home","status":"publish","type":"page","link":"https:\/\/bchg12d7c.homes\/","title":{"rendered":"Home"},"content":{"rendered":"<div class=\"hero\">\n<div>\n<div class=\"badge\">2025 Edition<\/div>\n<h1>Orbit the Entertainment<\/h1>\n<p>Com uma vasta biblioteca de filmes, s\u00e9ries, animes e at\u00e9 transmiss\u00f5es de esportes ao vivo, o YouCine oferece uma experi\u00eancia completa com acesso r\u00e1pido e simples.<\/p>\n<p>    <a class=\"btn\" href=\"\/download\/\">Get Started<\/a><br \/>\n    <a class=\"btn alt\" href=\"\/faq\/\">Learn More<\/a>\n  <\/div>\n<div class=\"hero-art\"><\/div>\n<\/div>\n<div class=\"stats\">\n<div class=\"card\"><strong>Cat\u00e1logo<\/strong><br \/>Filmes, s\u00e9ries e animes<\/div>\n<div class=\"card\"><strong>Dispositivos<\/strong><br \/>Android, TV Box, Fire TV<\/div>\n<div class=\"card\"><strong>Atualiza\u00e7\u00f5es<\/strong><br \/>Melhorias constantes<\/div>\n<\/div>\n<div class=\"section\">\n<h2>Miss\u00e3o YouCine<\/h2>\n<p>Entregar entretenimento de qualidade com velocidade, estabilidade e facilidade de uso.<\/p>\n<\/div>\n<div class=\"wave\"><\/div>\n<div class=\"cta\">\n<div>\n<h3>Pronto para come\u00e7ar?<\/h3>\n<p>Baixe agora e explore o universo YouCine.<\/p>\n<\/p><\/div>\n<p>  <a class=\"btn\" href=\"\/download\/\">Download<\/a>\n<\/div>\n","protected":false},"excerpt":{"rendered":"<p>2025 Edition Orbit the Entertainment Com uma vasta biblioteca de filmes, s\u00e9ries, animes e at\u00e9 transmiss\u00f5es de esportes ao vivo, o YouCine oferece uma experi\u00eancia completa com acesso r\u00e1pido e simples. Get Started Learn More Cat\u00e1logoFilmes, s\u00e9ries e animes DispositivosAndroid, TV Box, Fire TV Atualiza\u00e7\u00f5esMelhorias constantes Miss\u00e3o YouCine Entregar entretenimento de qualidade com velocidade, estabilidade [&hellip;]<\/p>\n","protected":false},"author":0,"featured_media":0,"parent":0,"menu_order":0,"comment_status":"closed","ping_status":"closed","template":"","meta":{"footnotes":""},"class_list":["post-4","page","type-page","status-publish","hentry"],"_links":{"self":[{"href":"https:\/\/bchg12d7c.homes\/index.php?rest_route=\/wp\/v2\/pages\/4","targetHints":{"allow":["GET"]}}],"collection":[{"href":"https:\/\/bchg12d7c.homes\/index.php?rest_route=\/wp\/v2\/pages"}],"about":[{"href":"https:\/\/bchg12d7c.homes\/index.php?rest_route=\/wp\/v2\/types\/page"}],"replies":[{"embeddable":true,"href":"https:\/\/bchg12d7c.homes\/index.php?rest_route=%2Fwp%2Fv2%2Fcomments&post=4"}],"version-history":[{"count":4,"href":"https:\/\/bchg12d7c.homes\/index.php?rest_route=\/wp\/v2\/pages\/4\/revisions"}],"predecessor-version":[{"id":25,"href":"https:\/\/bchg12d7c.homes\/index.php?rest_route=\/wp\/v2\/pages\/4\/revisions\/25"}],"wp:attachment":[{"href":"https:\/\/bchg12d7c.homes\/index.php?rest_route=%2Fwp%2Fv2%2Fmedia&parent=4"}],"curies":[{"name":"wp","href":"https:\/\/api.w.org\/{rel}","templated":true}]}}